13. Let k be c(0). Let f(o) = 2*o + 14. Let r be f(k). What is the hundreds digit of (-681)/(-4) - -3*(-3)/r?
1
Suppose -4*l - 2 = r, l + 18 + 14 = 5*r. What is the units digit of 259 - r - ((-4 - -3) + 7)?
7
Let u be 17/68 - ((-2942)/20)/((-16)/(-40)). Let o(n) = 104*n**2 + n - 1. Let a be o(1). Suppose 6*b - u = -a. What is the units digit of b?
4
Suppose -4*b = 3*s - 4*s - 12, -4*s = -b + 18. Suppose 0 = 4*k - b*h + 432, 5*k + 118 = -3*h - 444. What is the units digit of ((-33)/(-55))/((-2)/k)?
3
What is the ten thousands digit of (-1)/((-4)/10)*(-63)/((-5040)/699488)?
2
Let n be (-1054)/14 + 60/210. Let p = -58 - n. Let y(c) = 2*c**2 - 23*c + 8. What is the hundreds digit of y(p)?
1
Let g be (3 - -2 - 0)/((-59)/59). Let h(d) = -7*d - 6 - 4 - 6. What is the tens digit of h(g)?
1
Let h = 19560 + -12317. What is the hundreds digit of h?
2
Suppose -23*v + 19*v = -152. Let b be 2*(-452)/(-8) - 2. Let p = b - v. What is the tens digit of p?
7
Suppose 23859 = 3*w + 3*p, -24*w + 25*w - 5*p = 7959. What is the tens digit of w?
5
Let i = -39 - -8. Let k = -13 - i. Suppose -h - k + 90 = 0. What is the units digit of h?
2
Let v = -64 + 67. Let q be 199 - 0 - (6 - v). Suppose -2*u = 5*g - q, -4*g + g = -12. What is the units digit of u?
8
Let m(u) = 30*u + 10. Let g be m(17). Suppose -3*q + q = -g. Suppose -5*w + 280 + q = 0. What is the units digit of w?
8
Let k = 49580 - 498. What is the units digit of k?
2
Suppose 264*k = 4*f + 269*k - 32042, -5*k = -f + 7998. What is the hundreds digit of f?
0
Let y(x) = -24*x + 36. Let t be (1 - 49/(-21))/((-2)/(-36)). Let g(j) = 1. Let p(f) = t*g(f) - 2*y(f). What is the units digit of p(2)?
4
Let c be (-4)/(-6)*(214 + -1). Suppose 0*q = q - 3*b - c, -3*b + 378 = 3*q. Suppose 3*z - 151 = u, 2*z - q + 18 = -5*u. What is the tens digit of z?
5
Let g(j) = 9*j**2 - 10 + 9*j**2 + 10*j**2 - 27*j**2 - j. What is the hundreds digit of g(-18)?
3
Let f(y) = -3*y + 7. Let m be f(4). Let o(d) = d**3 + 7*d**2 + 8*d - 8. Let i be o(m). What is the units digit of 0 + i + 30*(-1 - -2)?
2
Suppose -99*z + 85607 = -95*z + 7*b, 2*z - 5*b = 42761. What is the tens digit of z?
9
Suppose 30*d - 69 = -9. What is the thousands digit of 3351/((4 - 3) + d)?
1
Let y(v) = -3*v**3 - 5*v**2 - 6*v - 2. Let g be y(-2). What is the tens digit of (621 + g/7)*1?
2
Let g(b) = b**3 + 40*b**2 + 107*b - 49. What is the units digit of g(-21)?
3
Let h = -5449 - -5452. Let v = 1 - 1. Suppose v = 4*y - 12, -5*s + 418 = h*y - 266. What is the units digit of s?
5
Suppose -2146 - 27389 = -5*x + 5*v, 5*v + 15 = 0. Suppose 5*i - 14*i = -x. What is the tens digit of i?
5
Suppose 4*d - 3*p = 197 + 72, -4*d = 5*p - 309. Let g = d + 117. What is the units digit of g?
8
Let r(w) be the first derivative of 1/4*w**4 + w + 3*w**3 - 5*w**2 - 26. What is the units digit of r(-7)?
9
Suppose -a - 3*r = -21, 120 = 4*a + 2*r + 36. Let p be 14/(-8 - 84/(-10)). Let t = p - a. What is the units digit of t?
4
Let n(c) = -75*c**3 + 2*c**2 - 2*c - 1. Let x be n(-2). Suppose -x = -7*q + 341. Suppose -3*a + 2*r = -2*r - q, -3*r + 188 = 5*a. What is the tens digit of a?
4
Suppose -5*c + u = -6*c + 25, 5*c = 3*u + 101. Suppose c*i - 3798 = 13*i. What is the units digit of i?
2
Let j be 647/2 - 1/(-2). Let m(p) = -5*p**3 + 191*p**2 - 39*p + 41. Let k be m(38). Suppose k*h - 90 - j = 0. What is the units digit of h?
8
Let w(b) = 115*b**2 + 16*b - 25. Let v be w(2). Suppose 4*g + v = 3687. What is the tens digit of g?
0
Let y = 522 + 152. Suppose -20 = -4*l, 2*m - y = l + 2111. Suppose -6*h = -15*h + m. What is the tens digit of h?
5
Let d = -12675 - -24229. What is the units digit of d?
4
Let q(h) be the third derivative of h**4/4 + 29*h**3/3 + 23*h**2 - 2. What is the tens digit of q(18)?
6
Suppose 103*n - 745900 = 1314615. What is the tens digit of n?
0
Let l = -383 - -3767. What is the tens digit of l?
8
Let g(b) = 2*b**3 - 2*b**2 - 4*b + 10. Let n be g(6). Let x = n - 29. What is the units digit of x?
7
Let k(c) = -8*c - 52. Let u be k(-8). Suppose -2*s + 1415 = 3*j + 404, -4*s = u. What is the units digit of j?
9
What is the tens digit of 1/(-5) + (-2180186)/(-505)?
1
Let z = 74455 + -17234. What is the thousands digit of z?
7
Let d(q) = -3*q + 23. Let y be d(6). Suppose y*n + n = 2214. What is the tens digit of n?
6
Let t = 78 + -103. Let y = t - -79. Let x = 87 - y. What is the units digit of x?
3
Suppose 63*y + 47*y = 88*y + 585882. What is the units digit of y?
1
Let t(o) = o**3 + 10*o**2 - 79*o - 74. What is the hundreds digit of t(11)?
5
Let d = 1279 - 244. Let k = d - 420. What is the units digit of k?
5
Let h = 38 - -23. Suppose -50 = -j + h. Suppose 3*a - j = -l, 4*l = -a + 5*l + 41. What is the tens digit of a?
3
Let o = -1577 - -10965. What is the tens digit of o?
8
Suppose -5*v = 2*f - 92010, -2*v = 10*f - 12*f - 36790. What is the ten thousands digit of v?
1
Suppose 0 = -4*c + 81 - 65, -2*d + 50794 = -3*c. What is the units digit of d?
3
Let g be 6/(0 + (-3 - 417/(-138))). Suppose -33*s = -3*p - 31*s + g, -4*p = -4*s - 368. What is the tens digit of p?
9
Suppose 62*b = 69*b + 196. What is the units digit of (-4)/96*-6 + (-35749)/b?
7
Let r(w) = -w**3 - 41*w**2 - 38*w - 86. Let k be r(-40). Let i = 674 + k. What is the tens digit of i?
0
What is the ten thousands digit of (76325/(-15))/(325/(-1170))?
1
Suppose -13*q = -11*q - 10. Suppose 242 = 3*f + 5*c + 27, 3*c = q*f - 415. Suppose 3*t = 4*h + 300, -2*h = -4*t + f + 320. What is the units digit of t?
0
Suppose 4*p - 16 = 12. Let x(b) = p - 3 - 1 - 2 + 51*b. What is the tens digit of x(1)?
5
Let s(y) = -y**2 + 50*y + 400. What is the hundreds digit of s(48)?
4
Let u be (175/3 - 10/(-15))*1. Let a = u + 606. What is the units digit of a?
5
Let g = 1 + 8. Let x be (-240)/(-9) - (7/(-3) + 2). What is the tens digit of 2/g - (-2559)/x?
9
Suppose f = -0*r - 3*r - 4, 0 = f + 4. Suppose -158 - 148 = -9*c. Suppose 2*v + 8 = 0, -2*w - 3*v + 50 + c = r. What is the units digit of w?
8
Suppose -4*b - 28*k + 29453 = -31*k, 0 = 4*b + 5*k - 29461. What is the tens digit of b?
6
Let v(r) = -2*r**2 + 125*r + 317. What is the thousands digit of v(40)?
2
Let f be (2/8)/((-11)/88). Let o be -3 - (12 + -23)/((-2)/f). What is the tens digit of 45/(-2)*o/(-12)?
1
Let v = 8244 + -3684. What is the hundreds digit of v?
5
Let v = 7 - 2. Suppose 4*a + 67 - 13 = 3*g, 4*a + 2 = g. Suppose d + g = -4*r + 129, -5*d + 590 = -v*r. What is the units digit of d?
5
Let k = 1640 - 1031. Let j = k + -359. What is the units digit of (37/(-2) + -1)*j/(-75)?
5
Let z(p) = -6*p + 10. Let o be z(-2). Suppose o*t + 5*t = 6129. What is the units digit of t?
7
Let d = 180 + -14. Suppose -122 = -6*c + d. What is the units digit of c?
8
Suppose -1102*d + 1097*d = -9610. Let g = -902 + d. What is the tens digit of g?
2
Suppose -10 = -8*m + 30. Suppose -6*z + 33 = m*z. Suppose -3*t = 2*w - 203 + 30, -z*t + 166 = -5*w. What is the tens digit of t?
5
Suppose 2*m + 0 + 4 = 0, -5*g - 694 = -3*m. Suppose 1895 + 887 = 13*f. Let p = f + g. What is the tens digit of p?
7
Suppose 48 = 3*w + 13*w. Suppose -d + 930 = -4*u, 4*u = -w*d - 886 + 3660. What is the tens digit of d?
2
Let i(o) = -2*o**3 - 10*o**2 - 3*o - 12. Let c be i(-5). What is the hundreds digit of (-5 + c)/4*-1592?
7
Let z = 42 + -66. Let x = z - -201. What is the units digit of x?
7
Suppose 4*j - 3*r = 98282 - 965, -r = -5*j + 121627. What is the ten thousands digit of j?
2
Let p(k) = 2*k**3 - 5*k**2 - 8. Let n = -62 - -90. Let v = n + -23. What is the hundreds digit of p(v)?
1
Suppose 19*u - 6 = 16*u. Suppose -4*d - 3814 = -4*g + 786, 4*g - 4590 = u*d. What is the hundreds digit of g?
1
Let m = -2214 - -4457. Suppose -573 = -11*d + m. What is the hundreds digit of d?
2
Suppose 0 = 25*y - 50*y - 1725. Let a = y + 1366. What is the thousands digit of a?
1
Suppose h + 0*h + 3*x = -1, h + 3 = -5*x. Suppose 2*i - 5 = b + 5, 4*b = -i - 4. Suppose -3*u = h*u + 25, -1005 = -i*s + 5*u. What is the units digit of s?
5
Let x be 10/(-20) + (-1452)/(-8). Suppose -o + 317 = -x. What is the tens digit of o?
9
Suppose -m = 4*m + 5*t + 235, 2*m = -4*t - 104. Let r = m + 44. Suppose 3*n = -r*n, -4*s = -n - 452. What is the hundreds digit of s?
1
Suppose 41 = 8*q - 7*q. Suppose -11 = 6*p - q. Suppose -p*l + 37 + 98 = 0. What